mon factor of c and p?
9
Suppose -2*k + 3*c = -1239, k = -3*k - c + 2499. Let j = -480 + k. Calculate the greatest common factor of 240 and j.
48
Suppose -5*b + 8*b = 18. Let y be 1454/8 + b/24. Suppose 0 = h - 2*m - y, 0*m = 2*h + 5*m - 400. What is the greatest common factor of 76 and h?
38
Let o(i) = 131 - 89 + 90 - 8*i. Let t be o(16). What is the highest common divisor of t and 46?
2
Let n be 1*-1*2*-8. Let x = -52 - -26. Let r be ((-1062)/x - 1) + 2/13. Calculate the greatest common factor of n and r.
8
Suppose 0 = 5*m - 3*b + 8 - 43, 3*m - b - 17 = 0. Let y be (-15)/(-10)*(m + -2). Let q be y/6 - (-381)/(-12)*-2. What is the highest common factor of 96 and q?
32
Let r be 315/(-126)*24/(-10). Let f(y) = 4*y**3 + 13*y**2 - 29*y - 24. Let h be f(r). Calculate the greatest common divisor of 42 and h.
42
Let q be (-5)/((-10)/8) + 100 + 4. Let m(r) = 7*r - 20. Let f be m(4). Calculate the greatest common factor of q and f.
4
Suppose -14*p + 182084 = 4*p - 11*p. Calculate the highest common divisor of 28 and p.
28
Suppose -2*a + r + 57 = -376, -4*a = -3*r - 859. Let q be (300/35)/(1/7). What is the greatest common factor of q and a?
20
Suppose -5*r - p + 13 = 0, -4*p + 11 = 4*r - 3*p. Suppose r*i + 29*i - 5115 = 0. Calculate the highest common divisor of i and 15.
15
Suppose 6*t - 45 = t. Let a be 2*(-6)/36 + (6 - 3661/(-21)). Calculate the highest common factor of t and a.
9
Let m be 254*2/(44/341). What is the highest common divisor of m and 127?
127
Let d = 5 + -3. Suppose 0 = -70*x - 2911*x + 23848. Calculate the greatest common factor of d and x.
2
Let f(n) = -21*n + 660. Let i be f(20). Calculate the highest common factor of i and 204.
12
Suppose v = 5*v + 360. Let z = v + 77. Let j be (1 + 7)*(-13)/z. Calculate the greatest common divisor of 12 and j.
4
Suppose 2*x - 476 = -9*f, -11*x + f + 656 = -8*x. Calculate the greatest common divisor of x and 1925.
55
Suppose 5 = -9*h + 41. Suppose -2*s + 135 = 4*n - 13, 0 = h*s + 4*n - 288. Calculate the highest common factor of s and 220.
10
Let r = 2189 - 2191. Let b(n) be the second derivative of -3*n**3/2 + n**2/2 + n. Let c be b(r). Calculate the highest common factor of 57 and c.
19
Let f be -2 + 56/((-3)/(-3)). Let j = -137 - -179. Let d be (7*j/245)/(2/10). What is the greatest common factor of f and d?
6
Suppose -4*k = 4*a - 20, 7*k - 3*k - 2*a - 2 = 0. Suppose -2*r + l = -438, -218 = k*r - 3*r + l. Calculate the greatest common factor of 20 and r.
20
Let g(l) = l**2 + 23*l + 50. Let t be g(-24). Suppose 32 = t*v - 73*v. What is the greatest common divisor of v and 32?
32
Suppose 1241*q - 1245*q = -588. Calculate the highest common divisor of 10437 and q.
147
Suppose -80*b + 93*b - 529 = 394. Calculate the highest common divisor of b and 12283.
71
Let f = -116 - -109. Let d be f/(-8 + 1) - 4/(-2). Suppose 0 = d*g + 15, -24 = -s + g + 3. What is the highest common divisor of s and 11?
11
Suppose -4*o + 5*u = -679 + 258, 5*u = -5. Calculate the greatest common factor of o and 182.
26
Let d = 3098 - 3092. Calculate the highest common factor of d and 2460.
6
Let p(a) = -22*a + 708. Let v be p(32). Calculate the greatest common divisor of 39 and v.
1
Suppose 35 = -5*x + 45. Let z(h) = h**3 + 10 + 10 - 2*h**2 - 2*h**x - 24 - 3*h. Let m be z(6). What is the highest common divisor of m and 25?
25
Let q = 2 - 0. Suppose 6*t - 3*t - 2*c - 6 = 0, 10 = t + q*c. Suppose u = -u - 2*r + 12, t*u - 24 = 3*r. Calculate the greatest common divisor of u and 42.
6
Let t be (-4)/5 + (-102312)/(-490). Suppose -4*b = 0, -4*b + 48 = 3*j - 0*j. What is the greatest common divisor of t and j?
16
Suppose 7*p - 148 = 11*p. Let k = p + 41. Let a be -120*k/(-6) - 2. What is the highest common divisor of 39 and a?
39
Suppose -36*v = -344 + 92. What is the highest common factor of v and 364?
7
Let x = 1363 + -143. What is the highest common divisor of 366 and x?
122
Let u(l) = -256*l - 265. Let x be u(-4). Calculate the greatest common divisor of 897 and x.
69
Let v(m) = -654*m**3 - m**2 + 22*m + 40. Let c be v(-2). Calculate the highest common divisor of 8 and c.
8
Let k be 5/1 + (-9 + 108/9)*2. Let f(p) = 4*p**2 - 2*p + 5. Let y be f(7). What is the greatest common factor of k and y?
11
Suppose 0 = 5*l + 5*z - 40, -5*z + 16 = 20*l - 21*l. Calculate the highest common factor of 340 and l.
4
Suppose -t + 4 = j, -2*t + 9 = j + 3. Suppose -11 - j = -h. Suppose 65 + 65 = h*g. What is the greatest common factor of 70 and g?
10
Suppose 2*p = -2*t, 3*t + 4*p - 2*p + 2 = 0. Let k be (-153)/(t + 5) - 1. Let j = k + 68. Calculate the highest common factor of 40 and j.
8
Suppose 2*w - x = 0, -2*w + x = 5*x. Suppose w = -l - 2*l + 147. Calculate the highest common factor of l and 49.
49
Suppose -17 = 2*l - 23. Suppose 4*u - l*u + 2*k = -5, 36 = -4*u - 4*k. Let a = u - -85. Calculate the greatest common divisor of 24 and a.
24
Suppose 454*m - 328428 = 40220. Calculate the highest common divisor of m and 928.
116
Suppose -4*m + 37*y - 33*y = -156, -19 = -m + 5*y. Let s(j) = j - 8. Let w be s(7). Let z be 0/((-1)/w) + 4. Calculate the greatest common factor of m and z.
4
Suppose 26*g - 696 = 30*g. Let k be 4953/30 - (g/60 + 3). What is the highest common divisor of 110 and k?
55
Let d be 2 - (-32)/(-14) - 16/(-560)*1165. Suppose -45 = 2*s - 573. What is the greatest common divisor of d and s?
33
Let x(k) = -2*k**2 + 41*k + 190. Let a be x(24). Suppose 0*y + y = 4*c + 534, 4*y + 2*c - 2208 = 0. What is the greatest common divisor of y and a?
22
Let n = -411046 + 411071. Suppose 0 = -2*g + 2*t - t + 5, -2 = g + t. What is the highest common factor of n and g?
1
Let r(q) = -4*q + 421. Let p be r(-12). What is the highest common divisor of 201 and p?
67
Suppose -6*k + 8*x = 3*x - 199, 5*x + 43 = 2*k. Calculate the highest common divisor of k and 510.
3
Let t be 2785 - (-10 - (-6)/((-30)/(-65))). Calculate the greatest common divisor of 535 and t.
107
Let t(c) = 8*c**2 - 2*c - 1. Let o be t(2). Let v(g) = -116*g - 2131. Let h be v(-20). Calculate the greatest common factor of h and o.
27
Suppose -28*c + 6*c = 17*c - 2808. What is the greatest common divisor of c and 8160?
24
Suppose 2*s + 2*s = 176. Suppose 5*x - 8 = -2*r + 226, -102 = -2*x - 2*r. What is the highest common factor of s and x?
44
Suppose 86 - 4130 = -4*p + 4*z, -2 = -2*z. Calculate the greatest common factor of 1472 and p.
92
Suppose 5 = 4*l - l + 4*x, l - 5*x = 8. Suppose 3*b - 1071 = -3*h, -l*b + 4*h + 1621 - 529 = 0. Calculate the greatest common factor of b and 45.
45
Let s be -580*(2 - (2 + 2)). Suppose 6303*j - 4960 = 6179*j. What is the highest common factor of s and j?
40
Let c = -13238 + 13278. Let d be 3070/35 + (-2)/(-7). Calculate the greatest common divisor of d and c.
8
Let o = -5015 + 8929. What is the greatest common divisor of 76 and o?
38
Suppose -25*s + 12538 = -26837. What is the highest common factor of s and 2800?
175
Suppose 3*k + 0*k = 12. Let v(s) = s**2 - 7*s - 8. Let f be v(8). Suppose f = -2*d + 3 + 13. Calculate the highest common factor of d and k.
4
Suppose -7*i + 12651 = 16*i - 13362. What is the highest common factor of i and 174?
87
Let d(v) = 80*v**3 - 2*v**2 + 7*v - 5. Let t be d(1). What is the greatest common factor of t and 720?
80
Let a(c) = c**2 + 31*c + 34. Let b be a(-30). Suppose b*w + 7 = -5*s, -3*w - 5*s - 13 + 4 = 0. Calculate the highest common factor of 86 and w.
2
Let f = 78 - 76. Suppose 5*r = 3*m - 5, -4*m + 26 = r + f*r. Calculate the greatest common divisor of m and 5.
5
Suppose -9*c + 212 = -58. Let i(w) = -w**3 - 10*w**2 + 6*w - 3. Let u be i(-10). Let v = 103 + u. What is the highest common factor of c and v?
10
Let z = -19 + -137. Let r = -143 - z. What is the highest common divisor of 117 and r?
13
Let i(j) = 4*j**2 - 8*j - 125. Let r be i(7). What is the greatest common factor of 75 and r?
15
Let d = 496 + 196. Let z = 913 - d. What is the greatest common factor of z and 34?
17
Let j = -12 + 39. Suppose -5*f + 2869 + 226 = 0. Let z = -430 + f. What is the highest common factor of z and j?
27
Let f(p) = -p**2 - 4*p + 2918. Let g be f(52). What is the greatest common divisor of g and 942?
6
Let y = -3400 - -5407. What is the highest common factor of 9 and y?
9
Let l = -707 + 994. Suppose -19*c + 2282 - l = 0. C